-x**2 + 14*x - 13. What is h(12)?
11
Let j(m) = m**2 + 18*m + 9. Calculate j(-7).
-68
Let m(w) = -14*w + 7. Give m(4).
-49
Let w(j) = -j - 17. What is w(-11)?
-6
Let z(o) = -o**2 + 4*o - 5. What is z(5)?
-10
Let l(c) = -c**2 - c + 9. Determine l(-4).
-3
Let q(s) = s**3 + 2*s**2 + 3*s + 1. What is q(-2)?
-5
Let y(n) = -n**2 - 6*n - 23. Determine y(-5).
-18
Let y(m) = 10*m - 6. What is y(-6)?
-66
Let y(s) = -3*s**3 + 9*s - 2. What is y(3)?
-56
Let k(s) = s**3 - s + 1. Calculate k(0).
1
Let w(o) = o**3 + 4*o**2 - 7*o - 2. What is w(-5)?
8
Let z(t) = -t**3 - 5*t**2 - 7*t - 9. Calculate z(-6).
69
Let t(a) = -2*a**3 - 16*a**2 + 21*a + 21. Determine t(-9).
-6
Let z(y) = y**2 + 27*y + 52. Give z(-25).
2
Let r(n) = 11*n - 37. What is r(4)?
7
Let d(c) = 6*c - 20. Calculate d(-10).
-80
Let d(j) = -j**3 - 2*j**2 - 4*j + 13. Determine d(0).
13
Let f(c) = 7*c - 93. What is f(15)?
12
Let n(x) = 3*x**3 + x**2 + 4*x - 3. Determine n(2).
33
Let c(s) = 10*s**3 + s - 1. Give c(1).
10
Let u(r) = -r**3 - 10*r**2 - 9*r - 12. Give u(-9).
-12
Let n(i) = i - 11. Give n(8).
-3
Let d(r) = -r**3 - 6*r**2 + 16*r - 3. What is d(-8)?
-3
Let i(u) = -8*u + 16. Determine i(7).
-40
Let w(c) = -c**3 - 9*c**2 + 26*c + 13. Determine w(-11).
-31
Let a(k) = -k**3 + 10*k**2 + 6*k + 12. What is a(10)?
72
Let b(j) = j**2 - 12*j + 22. Give b(9).
-5
Let q(m) = m**3 - 3*m + 9. What is q(-4)?
-43
Let y(u) = -2*u**2 + 4*u - 3. Calculate y(2).
-3
Let q(b) = -b**2 + 13*b - 24. What is q(10)?
6
Let b(n) = 3*n + 25. What is b(-8)?
1
Let i(w) = -2*w**3 + 24*w**2 + 10*w - 122. Give i(12).
-2
Let k(f) = -23*f + 120. What is k(5)?
5
Let b(a) = a**2 - 15*a - 5. Give b(15).
-5
Let h(n) = -n**2 + 8*n + 5. What is h(5)?
20
Let v(h) = 2*h + 23. What is v(0)?
23
Let i(u) = 84*u + 416. Calculate i(-5).
-4
Let m(a) = -a - 3. Give m(-6).
3
Let i(q) = 2*q**3 + 25*q**2 + 76*q + 10. What is i(-6)?
22
Let v(j) = j**2 + 5*j - 4. What is v(-4)?
-8
Let r(u) = -u**3 - 8*u**2 - 17*u - 13. What is r(-6)?
17
Let t(l) = l**3 - 10*l**2 + 3*l + 15. What is t(10)?
45
Let o(h) = h**2 + 2*h + 2. Calculate o(-1).
1
Let s(i) = i**3 - 21*i**2 + 2*i - 30. What is s(21)?
12
Let n(d) = 7*d + 26. What is n(-8)?
-30
Let k(n) = n**2 - 12*n - 31. Calculate k(14).
-3
Let u(d) = d**2 + d - 120. What is u(11)?
12
Let g(v) = 2*v + 39. Determine g(-15).
9
Let n(a) = -a**2 - 13*a - 12. Calculate n(-12).
0
Let j(y) = -10*y + 17. Determine j(9).
-73
Let v(d) = -d**2 + 7*d + 5. Calculate v(7).
5
Let x(z) = -z**2 - 7*z + 9. What is x(-7)?
9
Let f(b) = -2*b**3 + 8*b**2 - b + 8. Calculate f(4).
4
Let s(v) = v**3 + 30*v**2 + 2*v + 61. Give s(-30).
1
Let l(x) = -49*x + 544. Determine l(11).
5
Let v(x) = x**2 - 6*x - 21. Give v(-4).
19
Let z(o) = 2*o**3 - 37*o**2 + 17*o + 4. What is z(18)?
-14
Let z(c) = -c + 4. Give z(3).
1
Let h(g) = g**3 - 5*g**2 - 5*g + 2. What is h(4)?
-34
Let h(a) = -2*a**2 - 3*a. What is h(-4)?
-20
Let t(g) = 2*g**2 + 20*g + 48. Calculate t(-7).
6
Let s(a) = 5*a + 22. What is s(-2)?
12
Let u(d) = -d**2 + 9*d - 8. Calculate u(2).
6
Let g(y) = -y**2 - 4*y + 5. Give g(2).
-7
Let k(d) = -9*d + 12. Give k(7).
-51
Let f(u) = -5*u + 6. Give f(7).
-29
Let j(k) = 2*k**2 + k + 2. Give j(-1).
3
Let l(r) = -r**3 - 5*r**2 + 6*r - 5. What is l(-6)?
-5
Let w(r) = 4*r + 95. Calculate w(-24).
-1
Let w(m) = m**2 + m - 9. Determine w(2).
-3
Let s(c) = -c**2 - 29*c + 79. Calculate s(-31).
17
Let n(h) = h**2 - 7*h - 35. What is n(11)?
9
Let c(b) = -17*b - 10. Calculate c(5).
-95
Let c(r) = -2*r**3 + 50*r**2 + 106*r + 52. Give c(27).
-2
Let c(w) = -w**2 + 3*w - 79. Determine c(0).
-79
Let p(c) = -c**3 - c**2 - c + 11. Give p(0).
11
Let o(w) = -6*w + 77. What is o(10)?
17
Let x(g) = -3*g**2 + 8*g + 12. Give x(-2).
-16
Let s(w) = w**2 - 18*w + 67. Determine s(9).
-14
Let f(i) = 6*i - 168. Determine f(24).
-24
Let r(j) = 2*j**2 - 36*j + 168. Determine r(9).
6
Let v(s) = -12*s**2 + 5*s + 3. Calculate v(3).
-90
Let b(l) = 7*l + 106. Determine b(-16).
-6
Let z(x) = -10*x + 14. Determine z(-5).
64
Let f(h) = h**3 + 4*h**2 + 2*h. What is f(-3)?
3
Let k(h) = 7*h**2 + 11*h - 1. Calculate k(-3).
29
Let v(p) = -p**3 - 11*p**2 - 6*p - 3. Calculate v(-3).
-57
Let t(v) = v**2 + 9*v - 6. Calculate t(-5).
-26
Let o(y) = -2*y + 20. Determine o(8).
4
Let t(n) = 4*n - 3. Determine t(1).
1
Let g(i) = -i**3 + 7*i**2 - 5*i + 2. Calculate g(4).
30
Let l(n) = n**2 - 7*n. Calculate l(8).
8
Let q(c) = 3*c**2 + 3*c + 1. Determine q(-3).
19
Let j(r) = r**3 - 5*r**2 + r + 18. What is j(4)?
6
Let x(o) = -o**2 - 9*o - 9. Determine x(-5).
11
Let j(c) = c + 3. What is j(-4)?
-1
Let p(s) = 9*s + 40. Calculate p(-4).
4
Let z(c) = -5*c. Calculate z(-5).
25
Let b(i) = i**2 - 11*i + 12. Determine b(6).
-18
Let s(d) = -d - 52. Calculate s(0).
-52
Let f(l) = -l**3 - l**2 + 2*l - 2. Determine f(1).
-2
Let g(y) = y**2 - 2*y - 2. Calculate g(4).
6
Let i(l) = l**3 - 10*l**2 - 9*l - 31. Determine i(11).
-9
Let f(i) = i**3 + 5*i**2 + 6*i. Give f(-3).
0
Let w(x) = -2*x**2 - 4*x + 22. What is w(-7)?
-48
Let z(a) = 5*a**3 - 2*a**2 - 2*a + 1. Calculate z(2).
29
Let j(r) = r - 10. Calculate j(5).
-5
Let c(d) = -2*d**2 - 39*d + 3. What is c(-18)?
57
Let o(c) = 11*c - 153. What is o(14)?
1
Let b(u) = -16*u + 7. What is b(-6)?
103
Let g(k) = k**2 + 13*k + 33. Calculate g(-7).
-9
Let w(u) = -u**3 - 4*u**2 + 4*u + 11. Give w(-4).
-5
Let f(v) = 18*v**2 - 144*v - 5. Determine f(8).
-5
Let t(o) = -o**3 - 26*o**2 - 50*o - 51. What is t(-24)?
-3
Let c(g) = g - 8. What is c(-9)?
-17
Let r(s) = 3*s**3 - s**2 + s - 1. Determine r(2).
21
Let c(o) = o**3 + 9*o**2 + 10*o + 9. Give c(-8).
-7
Let n(l) = 24*l - 478. Determine n(20).
2
Let u(n) = -2*n**2 + 13. Give u(3).
-5
Let n(w) = 7*w**3 - 6*w + 16. Determine n(2).
60
Let a(n) = n**2 - 4. Determine a(2).
0
Let g(w) = w + 12. Determine g(5).
17
Let m(d) = -d**2 + 23*d + 168. What is m(29)?
-6
Let i(c) = -2*c**2 + 54*c + 178. What is i(-3)?
-2
Let b(a) = -76*a - 613. Calculate b(-8).
-5
Let r(w) = w**3 - 5*w**2 - 6. Determine r(6).
30
Let u(g) = -g**3 - 14*g**2 + 17*g + 21. What is u(-15)?
-9
Let i(a) = a**3 - 19*a**2 + 21*a - 11. What is i(18)?
43
Let x(w) = -6*w - 8. Calculate x(5).
-38
Let c(i) = i**3 + 33*i**2 + 61*i - 27. Give c(-31).
4
Let j(z) = 15*z + 304. Give j(-20).
4
Let i(d) = -d**3 - 13*d**2 - 40*d + 9. What is i(-5)?
9
Let s(i) = -i**3 + 10*i**2 - 15*i - 11. Calculate s(8).
-3
Let f(d) = -d + 1. Calculate f(6).
-5
Let f(l) = 2*l**3 + 20*l**2 + 17*l + 19. Give f(-9).
28
Let r(h) = -47*h + 16. Calculate r(-2).
110
Let i(y) = -y**2 + 10*y - 42. What is i(9)?
-33
Let i(h) = 4*h + 31. What is i(-8)?
-1
Let s(q) = 11*q - 5. What is s(9)?
94
Let l(s) = -2*s**3 + 4*s**2 - 2*s + 2. Calculate l(3).
-22
Let l(d) = -d**2 - 8*d + 2. What is l(-9)?
-7
Let u(q) = 2*q**2 - q. Give u(4).
28
Let g(c) = 3*c + 9. Calculate g(-6).
-9
Let d(i) = -i**2 - 11*i - 15. Calculate d(-8).
9
Let i(p) = p**3 - 8*p**2 - 128*p - 27. Determine i(16).
-27
Let v(k) = k**2 - 11*k + 14. Give v(3).
-10
Let r(c) = 3*c**2 + 10. Give r(3).
37
Let f(w) = -w - 1. Give f(-1).
0
Let o(q) = -q - 6. What is o(-10)?
4
Let h(s) = -3*s**2 + 15*s + 7. Determine h(5).
7
Let i(n) = n**2 - n + 4. Calculate i(0).
4
Let c(v) = 5*v**3 + v**2 + 5*v + 2. Give c(-2).
-44
Let j(s) = -s**2 - 10*s + 25. What is j(-13)?
-14
Let g(n) = 2*n**2 + 16*n - 10. What is g(-8)?
-10
Let b(l) = l**3 + 36*l**2 - 6*l - 208. What is b(-36)?
8
Let f(g) = 2*g**3 - 28*g**2 + 5*g - 16. What is f(14)?
54
Let j(r) = -r - 25. What is j(-30)?
5
Let z(i) = -i**2 - 11*i - 12. Calculate z(-6).
18
Let u(p) = p**2 + p + 14. What is u(0)?
14
Let u(g) = g**3 + 7*g**2 + 8*g + 1. What is u(-6)?
-11
Let l(u) = -5*u + 8. Calculate l(-6).
38
Let d(l) = 2*l**3 + 63*l**2 - 30*l + 77. Determine d(-32).
13
Let b(d) = 3*d**2 + 20*d - 8. What is b(-8)?
24
Let y(l) = 2*l**2 - 24*l + 15. What is y(11)?
-7
Let y(b) = 2*b**2 - 12*b - 17. Determine y(9).
37
Let q(t) = -t**2 + t + 3. Give q(-2).
-3
Let t(z) = z**3 + 3*z**2 + 5*z + 6. Calculate t(-2).
0
Let c(u) = 26*u + 3. Calculate c(-1).
-23
Let t(j) = 3*j + 20. Calculate t(-7).
-1
Let v(n) = n**2 - 48. Determine v(-6).
-12
Let k(m) = -m - 39. Give k(-34).
-5
Let w(f) = 3*f + 61. Calculate w(-14).
19
Let j(l) = 3*l**2 - 75*l - 6. What is j(25)?
-6
Let k(l) = -l**2 - 12*l - 23. Give k(-10).
-3
Let b(h) = 